it of f(u)?
6
Let o(v) = v**2 + 2. Let s be o(0). Suppose 0 = -n + 2*n - 4. Suppose k = c + 1, 0*k - 34 = -n*k - s*c. What is the units digit of k?
6
Let x(f) = -10*f**3 - 17*f**2 - 34*f - 28. Let h(c) = -3*c**3 - 6*c**2 - 11*c - 9. Let z(s) = 7*h(s) - 2*x(s). What is the units digit of z(-7)?
7
Let j(s) be the first derivative of s**3/3 + s**2 - s - 1. Let q be j(-3). Suppose t = 3 + q. What is the units digit of t?
5
Let m = 81 + -49. What is the tens digit of m?
3
Suppose 145 + 111 = 8*u. What is the units digit of u?
2
Let d(i) = -i + 7. Let c be d(7). Suppose 0*r + 5*r - 5 = c. Suppose 19 = 4*s - r. What is the units digit of s?
5
Suppose 5*b - 2*l - 25 = 0, 29 = 4*b - b - 4*l. Suppose -27 + 11 = -5*g - b*a, -g - 2*a + 6 = 0. What is the units digit of g?
2
Suppose -2 = -u - 1. What is the units digit of u?
1
Suppose 2*p - 6*p + 21 = -5*f, -f - 5 = -p. Suppose 4*t = -u - u + 134, 0 = t + p*u - 23. What is the units digit of t?
5
Suppose 2*m = n - 3*n + 4, -3*m + 3*n = -18. Let g = m - 1. Suppose 0 = -r + g*c, 3*r + r - 13 = -c. What is the units digit of r?
3
Let r = 83 - 43. Suppose 4*l + 4 = r. What is the units digit of l?
9
Let m = -2 - -14. What is the tens digit of m?
1
Let w(v) = -7*v**3 - v**2 - v - 1. Let m(d) = d - 4. Let k be m(3). What is the units digit of w(k)?
6
Let y = -1 - -15. What is the units digit of ((-8)/y)/(4/(-14))?
2
Let j = -61 - -171. What is the units digit of j?
0
Suppose -3*w + 4 - 1 = -3*z, 0 = 3*w - 2*z - 6. Suppose 0 = -2*r - c + w + 7, -r = -5*c + 11. What is the units digit of r?
4
Suppose 0 = -2*v - 4, g + 5*v - 12 + 4 = 0. What is the units digit of g/10*(-60)/(-18)?
6
Let i(f) = f**3 - f**2 - 5*f + 2. What is the units digit of i(3)?
5
Let n = -5 + 41. Let x = n - 10. What is the units digit of x?
6
Suppose 2*t + 5*o = -0*t - 34, 0 = -3*t - o - 51. Let n = -11 - t. What is the units digit of n?
6
Suppose 2*r + 5*t = 82, -t = -4*r - 3*t + 148. Suppose 3*x = -x + r. What is the units digit of x?
9
Let h(d) = d - 1. Let z(q) = -4*q - 2 + 2*q + 0 - 2*q. Let u(m) = 4*h(m) - z(m). What is the tens digit of u(2)?
1
Suppose 3*p - 102 = -24. Let x = p + -19. What is the units digit of x?
7
Let g = 5 + -1. Suppose -i - 18 = -4*p - 3*i, 0 = 5*p + g*i - 27. Let u(r) = 5*r - 4. What is the units digit of u(p)?
1
Let k(f) = f**3 - 4*f**2 + 4*f - 3. Suppose 0 - 2 = -i. Let n be k(i). Let x = 12 + n. What is the units digit of x?
9
Let s(l) = l**2 + 3*l + 2. Let y be s(-3). Suppose 3*m + y = 44. What is the units digit of m?
4
What is the tens digit of 104*(-3 - (1 - 6))?
0
Let x = 9 + -4. Suppose 0*f + f = 4*h - 60, 3*h - x*f - 62 = 0. What is the units digit of h?
4
Let p = -45 - -70. Suppose -5*v - p = 0, 2*v + 23 = 2*o - v. What is the units digit of o?
4
Let x = 11 + -7. Let k = x + -4. Suppose -z + k*z = -8. What is the units digit of z?
8
Let f be (-3)/(-2)*(-8)/(-3). Suppose 3*m + 6*r - r - 52 = 0, 0 = 5*m + f*r - 91. What is the tens digit of m?
1
Let s be 2 + (1*-3)/(-3). Suppose s*p - 5*d - 5 = 0, -2 = -2*p + p + 2*d. Suppose p*l + 3 = l. What is the units digit of l?
3
Suppose -4*i + 5 = -23. Suppose -11*y + 6*y + 25 = 0. Suppose 2 = -y*j + i. What is the units digit of j?
1
Let f = 24 - 48. Let i = f + 48. Suppose 5*c = c + i. What is the units digit of c?
6
Let u(n) = -4*n + 29. What is the units digit of u(6)?
5
Suppose 4*u - 168 = -2*f, 122 = 3*f + 4*u - 130. What is the tens digit of f?
8
Suppose i = h - 5, 0 = 4*h + i + 3*i - 20. What is the units digit of h?
5
Suppose -11*k - 192 = -14*k. What is the tens digit of k?
6
Suppose 0*t + 5*t = 330. What is the units digit of t?
6
Let d = -4 - -6. Suppose 0 = p + d*p - 9. Suppose -g + p = -3. What is the units digit of g?
6
Suppose -20 = -4*m + 28. What is the units digit of ((-31)/(-4))/(3/m)?
1
Let k(d) = -d**2 - 2*d + 3. Let n be k(3). What is the units digit of (-1)/4 - 471/n?
9
Suppose 2*u + 4*o + 20 = -0*o, 2*o - 14 = 5*u. What is the units digit of 1*(3/3 - u)?
5
Let o(t) = t**3 + 9*t**2 + 7*t + 5. What is the units digit of o(-4)?
7
Let p(g) = 20*g**2 + 8*g - 9. What is the hundreds digit of p(3)?
1
Let d(u) = u**2 + u + 3. What is the units digit of d(-8)?
9
Suppose -33 = -r + 2*p, 3*r - 5*p - 71 = r. What is the tens digit of r?
2
Suppose -323 = -4*k + 77. What is the units digit of k?
0
Let f = 4 + 3. Suppose -2*l - 35 = -f*l. What is the units digit of l?
7
Let v(l) = -l**3 - 4*l**2 - 2*l - 6. Let k(d) = -d**2 + 4*d + 1. Let x be k(5). Let p be v(x). What is the units digit of ((-1)/p)/(5/(-70))?
7
Let l be 14/6 - 18/(-27). What is the units digit of l - (-3 - 16*1)?
2
Let p(v) = 3*v + 1. Let w be p(-2). Let d = -8 - w. What is the units digit of (-4)/d*(-3 - -6)?
4
Let u(s) = -s**2 - 9*s - 2. Let x be u(-8). Suppose -2*w - 44 = -3*o, -3*w = 5*o - x*w - 73. What is the tens digit of o?
1
Let t(z) = -z**2 + 8 + 6*z + 4*z - 2*z. What is the units digit of t(8)?
8
Suppose 2*h - 255 + 38 = -3*i, -h = -3*i - 122. What is the hundreds digit of h?
1
Let p be (2/4)/(2/(-24)). What is the units digit of (0 - -18)*(-9)/p?
7
Suppose 21 = -q + 4*q. Suppose -q = 2*w - 23. Suppose 5*b = w + 7. What is the units digit of b?
3
Let g = 5 - 14. Let w = 19 + g. Suppose 2 = -2*i + w. What is the units digit of i?
4
Suppose 13 = 2*j + 5. Suppose 3*b - x = -11, -2*x - 9 = j*b + 9. Let a = -2 - b. What is the units digit of a?
2
Let m be (-4 + -2)/(0 - 1). Suppose -5*w = 4*s - 33, 5*s - 19 = -w - 4. Suppose s*n - m = n. What is the units digit of n?
6
What is the tens digit of -1*(0 - 4)*3?
1
Let g(p) = p**3 + 8*p**2 - 4*p + 4. Let u be g(-8). Suppose 5*j + 0*j = 4*x - 32, -u = -4*x + 4*j. What is the tens digit of x?
1
Let q(k) = -k**2 + 15*k + 10. Let n be q(14). Let o = n + -9. What is the tens digit of o?
1
Let j be ((-46)/4)/((-6)/36). Suppose -3*l = -4*h - j, -15 = -3*l + 2*h + 48. Suppose -4*d = f - 30, f - 2*f - l = -3*d. What is the units digit of d?
7
Let b = 0 - -2. What is the units digit of b?
2
Suppose 0*q + 10 = 2*q. Suppose -q*w + 66 = 16. What is the tens digit of w?
1
What is the units digit of -1 + 4 - -1 - -84?
8
Let t = -34 - -84. What is the tens digit of t?
5
Let k(l) = l**3 - 6*l**2 + l - 6. Let s be k(6). What is the units digit of (1 - s)/(6/42)?
7
Let m = 5 - 0. Suppose -m + 9 = -4*i. What is the units digit of i*(0 + -1) - -12?
3
Let j(b) = -2*b + 4. Let n be j(-6). Let v = n + -8. What is the units digit of v?
8
Suppose 0 = -3*w + w - 8. What is the units digit of 6/w - 10/(-4)?
1
Let s(j) = 9*j - 9. Suppose 15 = 5*y - 15. Let l be s(y). Suppose 0 = -4*f + l - 13. What is the units digit of f?
8
Suppose 3*z + 15 = 4*m + 50, m - z = -10. Let c = m - -30. What is the tens digit of c?
2
Suppose 2487 + 692 = 11*q. What is the tens digit of q?
8
Suppose -13*u = -8*u - 445. What is the tens digit of u?
8
Let a(b) = -18*b - 3. What is the tens digit of a(-4)?
6
Let g be (-5)/(-5)*(4 + -1). Suppose g*y - 12 + 3 = 0. What is the units digit of y?
3
Let u = -17 - -32. Let l = -13 + u. What is the units digit of l?
2
What is the units digit of 525/40 - 3/24?
3
Let m = -7 - -14. Suppose -u = -2*u. What is the units digit of m + 0 + u + -1?
6
Let i be (116 - 1)*3/(-3). Let j = i + 57. What is the units digit of j/(-6) - 2/3?
9
Let d(b) = 19*b - 2. Let o be d(1). Let n = -3 + o. What is the units digit of n?
4
Let k(h) be the third derivative of h**5/60 - h**4/24 + 4*h**3/3 + 3*h**2. Let p be k(-6). Suppose -4*z = z - p. What is the tens digit of z?
1
Let t(m) = 3*m**2 - 15*m + 13. Let k(d) = -4*d**2 + 23*d - 20. Let n(s) = 5*k(s) + 7*t(s). What is the units digit of n(-11)?
2
Suppose r - 3*j - 60 + 8 = 0, 2*j + 188 = 4*r. Suppose 2*x - 58 = k - 6*k, r = 2*x - k. What is the units digit of x?
4
Suppose 2*r = -2, 4*b + b - 2*r - 197 = 0. What is the units digit of b?
9
Let r = -204 - -642. What is the hundreds digit of r?
4
Let h(f) = -2*f**3 - 4*f**2 + 28*f - 5. What is the hundreds digit of h(-7)?
2
Suppose 5*y - 74 = 106. Let i(n) = -n**3 + 4*n**2 - n + 2. Let j be i(4). What is the tens digit of y/4 + j/(-2)?
1
Let u be (-1)/(3 + -2) - -6. Suppose 0 = -3*h + u*a - 35, 0 = -2*a + 4 + 4. Let y = -2 - h. What is the units digit of y?
3
Let v(h) = -h**3 + 15*h**2 - 4*h - 19. What is the units digit of v(14)?
1
Suppose 7*n - 4*n - 156 = 0. What i